16 = 3*k. What is g(s)?
-1
Let s = -153 - -155. Let v(m) be the third derivative of m**6/60 - m**5/30 - m**4/24 + m**3/3 - m**2. Calculate v(s).
8
Let f(k) = 2*k + 4. Let p = -8 + 8. Suppose p = -2*r + 5*s - 21, 2*r = -3*s - 2 + 5. What is f(r)?
-2
Let u(j) = j + 4. Let o(c) = -c**2 - 8*c - 10. Let p be o(-7). Give u(p).
1
Let u = 51 - 46. Let r(h) = h**3 - 4*h**2 - 2*h - 5. What is r(u)?
10
Let r be (5/(5/(-2)))/(-1). Let w be (0 - (-9)/6)*r. Let b(p) = p**3 - 2*p**2 - 3*p + 2. Calculate b(w).
2
Let j(z) = -5 - 13*z + 8*z + 0*z + 7*z. Give j(-6).
-17
Let l(w) = w - 5. Suppose 2*c = -2*c. What is l(c)?
-5
Let m(p) be the second derivative of -p**3/6 - 2*p**2 - 7*p. What is m(-5)?
1
Let p(k) = -5*k**3 + 7*k**2 + 2 + k**2 - 2*k + 4*k**3. Let g(s) = s**2. Let t(f) = 6*g(f) - p(f). Let r(v) be the first derivative of t(v). Determine r(2).
6
Let y(p) = -p**2 - p + 5. Let k be y(0). Let z(h) = h**3 + 0*h**3 + 4*h - 5 - 6*h - 4*h**2. Determine z(k).
10
Let v(d) = 2*d + 2*d**2 - 3*d - d**2 + 2*d. What is v(0)?
0
Let p(c) = -c**2 + 10 - 10 - 4*c**2. Let a = 2 + -1. Determine p(a).
-5
Let a(h) be the first derivative of h**3/3 - 3*h**2/2 - 4*h + 1. Let j = 2 + 0. Suppose 0 = -5*m + 3*i + 10, -i + 3 + j = 0. Give a(m).
6
Let i(x) = -x**2 - 1. Let k(a) = 8*a. Let u be k(-1). Let j be (-1)/(-2) + u/16. Calculate i(j).
-1
Suppose 2*g + g = 0. Let b(q) = q**2 - q + 2. What is b(g)?
2
Let z be 1*(0 + -1) - -8. Let d be z/2 + (-1)/2. Let u(g) = -7 + d + g + 1. Calculate u(-4).
-7
Let o = 17 + -10. Let j = 3 - o. Let u(w) = w + 1. Determine u(j).
-3
Suppose 2*v = -5*a + 108, 4*a = 3*a - v + 21. Suppose a = -3*i + 4. Let y(p) = -2*p - 1. Determine y(i).
11
Let d(f) = 5*f**2 - 15*f - 3. Let z(t) = -t**2 + 4*t + 1. Let q(s) = 10*s**2. Let g be q(1). Suppose -4*y = y - g. Let a(k) = y*d(k) + 9*z(k). Give a(-4).
-5
Let p(n) be the first derivative of -n**5/60 - n**4/6 + 3*n**3 + 9. Let w(g) be the third derivative of p(g). Give w(-5).
6
Let g(n) = n**2 - 4*n - 1. Let f = -7 - -10. Suppose 4 = -f*r + 22. Suppose r + 6 = 3*x. Calculate g(x).
-1
Let c(k) = k. Let t be 21/6 - (-1)/(-2). Let b(x) = x**2 - 2*x + 3. Let p be b(t). Determine c(p).
6
Let k = 51 + -51. Let z(n) = n - 12. Determine z(k).
-12
Let p(k) = -6 - k**3 - 3*k**2 + 7 + 2*k**3 + 2*k**2 - 2*k. What is p(-2)?
-7
Let f(w) = 8*w**2 - w**3 - 5 + 2*w**3 + 14 + 9*w. What is f(-7)?
-5
Suppose 10*y = 4*y + 48. Let m(f) = f - 2. Calculate m(y).
6
Let j(a) = 13*a + 5. Let b(w) = 12*w + 4. Let y(s) = 5*b(s) - 4*j(s). Calculate y(-1).
-8
Let k(m) be the second derivative of 4*m**3/3 + m**2/2 + 11*m. Determine k(-1).
-7
Let k(t) = -5*t + 4. Let y(j) = 3*j - 4 - 5*j + 2 + 4. Let m(s) = 4*k(s) - 9*y(s). Give m(-6).
10
Suppose 3*p - 5*p = 0. Let n be 5/((-10)/(-4)) - -1. Let f(l) = -4*l - 3*l**2 + 2*l**2 - 1 + n*l + l**3. Calculate f(p).
-1
Let s(o) be the second derivative of o**5/20 + 5*o**4/12 + o**3/2 - 3*o**2/2 - 19*o. Determine s(-3).
6
Let u(c) = -c**3 + 3*c**2 + 2*c - 3. Let y be u(3). Let a = 1 + -1. Let b(t) = -1 + a - t + 2. Determine b(y).
-2
Suppose -5*c - h + 9 = -4, -h = 3*c - 9. Let u be (8/(-6))/(c/(-3)). Let f(l) = -10*l + 3. Let w(i) = 18*i - 6. Let d(r) = -5*f(r) - 3*w(r). Calculate d(u).
-5
Let r(i) = 14*i**2 + 26*i - 12. Let y(g) = -5*g**2 - 9*g + 4. Let l(k) = -6*r(k) - 17*y(k). What is l(4)?
8
Suppose -4*s = -10 - 2. Let n(c) be the first derivative of -c**5/20 + c**4/6 + c**2 - 2*c + 1. Let r(a) be the first derivative of n(a). Determine r(s).
-7
Let x(c) = -c**3 - 6*c**2 + 6*c - 10. Let w be x(-7). Suppose -5*b - 15 - 14 = -2*j, -3*j = 4*b + 14. Let l(a) = -3 - a**j + 3*a - a - 4*a. Calculate l(w).
-6
Let j(a) = a**2 - 7*a + 5. Let s = -25 + 29. Determine j(s).
-7
Let z be (2 + (-14)/4)*-2. Let k(r) = r - 5. Let f be k(7). Let n(v) = v - 3 + z + f. Give n(3).
5
Suppose 2*g = -c + 9 - 2, c = 5*g - 21. Let b(k) be the first derivative of -k**3/3 + 3*k**2/2 - 2*k + 2. Calculate b(g).
-6
Suppose 0 = d + 5*a + 14, -a + 6*a + 15 = 0. Let y(h) = 7*h**2 - 4*h - 3. Let s(g) = 3*g**2 - 2*g - 1. Let j(t) = -5*s(t) + 2*y(t). What is j(d)?
0
Let x(g) = 5 + 2*g + 4*g**2 + g**3 - 3 - 4. Give x(-2).
2
Let y(w) = w**3 - w**2 - w + 4. Let i be y(0). Let g(x) = x**3 - i + 3 - 1. Let j(a) = a**3 - 2*a**2 - a + 2. Let h be j(2). Determine g(h).
-2
Let n(f) = f. Let q be ((-18)/(-15))/(6/15). What is n(q)?
3
Let j(s) = -s**2 + 5*s. Let u = 6 - 10. Let q = 9 + u. Determine j(q).
0
Let a(b) be the third derivative of 0*b - 2*b**2 + 1/30*b**5 - 1/60*b**6 - 1/6*b**3 + 0*b**4 + 0. What is a(1)?
-1
Let b(o) = 18*o**3 + 6*o**2 - 3*o**2 + 5*o - o**3 - 5. Let v(t) = -9*t**3 - 2*t**2 - 3*t + 3. Let n(l) = 3*b(l) + 5*v(l). Suppose 4*k + 2 = 6*k. Give n(k).
5
Let g be 480/(-12)*(-4)/(-10). Let t = g + 10. Let n(o) be the third derivative of -o**6/120 - 7*o**5/60 - o**4/4 - 7*o**3/6 - o**2. Determine n(t).
-7
Let j be 5/(-12) + 16/24. Let a(x) be the first derivative of j*x**4 + 3/2*x**2 + 5/3*x**3 + 0*x + 3. What is a(-4)?
4
Let k = 13 - 8. Let r(d) = 6*d**2 - 5*d + 1. Let x(v) = 2*v**2 + v - 4*v**2 + v**2 - 1. Let l(a) = k*x(a) + r(a). What is l(-3)?
5
Let l(p) = -2*p - 10*p - 7 - p**3 + 7*p**2 + 10*p. Give l(6).
17
Let r be (-9)/12 - (-75)/20. Let w(m) = -m**3 + 4*m**2 + m - 3. Give w(r).
9
Suppose 2*q - 2 = 2. Suppose q*i - 3*s = 19, -3*i = i + 3*s - 11. Let b(o) be the third derivative of o**5/60 - o**4/12 - 7*o**3/6 - 3*o**2. What is b(i)?
8
Let r(f) be the second derivative of f**5/20 - 5*f**4/12 + f**3/2 + f**2 + 2*f. Determine r(5).
17
Let c(t) = t**3 - 5*t**2 + 2*t - 2. Let f be (6/9)/((-4)/(-30)). What is c(f)?
8
Let r(n) be the first derivative of n**4/12 + n**3 + 6*n - 3. Let h(m) be the first derivative of r(m). Determine h(-6).
0
Suppose 24 = 5*g + 4. Let m(z) = 0 - 7 + 2 - z**2 + 5*z. What is m(g)?
-1
Suppose f + 4 = 4*j + 2, 4*j = -4*f + 32. Let s = f + -3. Suppose -y = 2*y + s. Let b(q) = q. Determine b(y).
-1
Let u(x) be the second derivative of x**2 + 1/2*x**3 + 0 + 2*x. Let b(p) = -p**3 + 11*p**2 - 10*p - 3. Let v be b(10). What is u(v)?
-7
Suppose 2*d = -4*l + 4*d + 14, 4*l - 5*d - 17 = 0. Let c(p) = -2*p + p**2 + 0 + l*p + 1. Give c(-2).
3
Let q(f) = -f + 8. Let c be q(4). Suppose 3 = z - 6. Let x(y) = z*y - 1 + c*y**2 - 4*y - 3*y. Give x(-2).
11
Let z(b) = -b**3 - 3*b**2 - 2*b - 3. Let c be z(-2). Let v(h) be the second derivative of h**3/6 + 3*h**2/2 - 6*h. Determine v(c).
0
Let u(m) = 7*m - 11*m + 9*m + 7*m. Determine u(-1).
-12
Let p(g) = g + 1 + 3 - 7. Let r be p(10). Suppose -4*a - r = 1. Let w(k) = k**2 + 4*k + 3. What is w(a)?
-1
Let m(t) = -t**2 - 6*t - 6. Let x(y) = -y + 2. Let i be x(5). Let l be 4 - (i + (0 - -2)). Let k be 0/1 + (1 - l). Calculate m(k).
2
Let p(r) be the third derivative of r**4/24 - r**3/2 - r**2. Let s be -4 + 1 + 0 + 5. Give p(s).
-1
Let v(m) = m + 5. Let h(r) = 5*r**2 + 9*r. Let f(s) = 14*s**2 + 27*s. Let t(i) = -6*f(i) + 17*h(i). Let o be t(9). Give v(o).
5
Let j be 0/(-12) - (-2)/2. Let x(n) = -5*n**2 + 0*n**2 + 4*n**2. Give x(j).
-1
Let b(a) = a**2 - 8*a. Let c(u) = u + 22. Let r be c(-16). Give b(r).
-12
Let i(o) = o**3 - 6*o**2 + 2*o + 6. Let h be (-14)/(-3) + 1/3. Suppose b - 13 = -b - z, h*b - 28 = -z. Determine i(b).
-9
Let w = 37 + -34. Let f(s) be the first derivative of -1/2*s**2 + 1 + w*s. What is f(4)?
-1
Suppose 3*z = -4 - 5. Let l(d) = d**3 + 4*d**2 + 2*d - 3. What is l(z)?
0
Let l(c) be the second derivative of -c**3/3 - 2*c**2 - c. Let a = 1 + -9. Let k be (-6)/a + (-138)/24. Determine l(k).
6
Let c be 2/(-10) + (-52)/(-10). Let k(n) = n**3 - 1. Suppose 4*b - 5 = -b. Let h(z) = -z**3 - 4*z**2 - 2*z - 4. Let l(o) = b*h(o) + 2*k(o). Give l(c).
9
Let t = 14 + -5. Let l = 13 - t. Let u(k) = 7 - 2*k - 3 - 6. Determine u(l).
-10
Let j(c) = c**3 + c**2 + c + 1. Let m(z) = -z**3 - 4*z**2 + 5*z + 1. Let a be m(-5). Let f be (-10 - -7)/(a/(-3)). Let n be 2/4*0/f. Determine j(n).
1
Let a = 8 + -9. Let y be (0 + -10)/(a - -3). Let d(f) = -2*f - 3. Determine d(y).
7
Let s(i) be the second derivative of -i**5/20 + i**3/2 + i**2 - i. Suppose 3*u = -2*u - 10. What is s(u)?
4
Let v(y) = y + 4. Let o be 1*-5*-1*(1 - 0). What is v(o)?
9
Let y(z) be the third derivative of z**8/20160 + z**6/90 - z**5/30 + 5*z**2. Let v(g) be the third derivative of y(g). Calculate v(0).
